)/((-9)/s). Determine c(g).
4
Let s(y) = -y. Let l(z) = -z + 5. Let c(f) = -5*f + 1. Let r be c(-1). Let i be l(r). Let w be (i/2)/(10/(-60)). Give s(w).
-3
Let w(f) = 2*f. Suppose 9*i - 4*i - 3*r + 10 = 0, -23 = -3*i - 4*r. Calculate w(i).
2
Let r(g) = g**3 - 2*g**2 + 1. Suppose 0 = 2*l + 5 + 9. Let x(q) = -q**2 - 7*q - 1. Let h be x(l). Let u = 3 + h. Calculate r(u).
1
Let t(w) = -4*w**2 - 7*w - 3. Let c = -3 + 6. Suppose -155*b + 170*b + 60 = 0. Let u(a) = -5*a**2 - 8*a - 3. Let x(v) = b*t(v) + c*u(v). Give x(-2).
-1
Let v(k) be the third derivative of k**5/60 - 3*k**4/8 + 8*k**3/3 + 65*k**2. What is v(7)?
2
Let k(o) be the second derivative of 19*o**4/4 + o**3/6 - o**2/2 + 52*o. Calculate k(1).
57
Let k(s) be the third derivative of -1/24*s**4 + 0*s**3 + 0 + 1/120*s**6 + 1/60*s**5 + 0*s - 4*s**2. Let h be 0/(-1 - 0 - 1). Determine k(h).
0
Let a = 298 + -298. Let k(u) = -4 + u - 2 - u**2 + 1. What is k(a)?
-5
Let i(o) = -2 + 5 - o**2 + 9 + 0*o - 12*o. Let z be (-3 - -1)/((-10)/(-65)). Let n be i(z). Let u(d) = -9*d**3 - 2*d**2 - 2*d - 1. Determine u(n).
8
Suppose 70 = 3*u - d, 2*u + 6*d - 42 = 2*d. Let v = 3 + -3. Suppose -6*f + 2*f - 2*i = -2, v = 4*f - 5*i - u. Let w(y) = 2*y - 2. Determine w(f).
2
Suppose -17*n + 13*n = -4. Let w(r) = 4*r + 4. Let s be (-6)/9 - 14/6. Let o(f) = -3*f - 3. Let h(c) = s*o(c) - 2*w(c). Calculate h(n).
2
Let d(t) = t**3 - t**2 - t + 2. Let s = -115 - -117. What is d(s)?
4
Let i(w) = w**2 - 1. Let o(z) = -3*z**2. Suppose 7*x - 5 = 2. Let s(l) = x*o(l) + 2*i(l). Calculate s(0).
-2
Let z(p) = -5*p**2 + 8*p + 1. Let m(v) = 5*v**2 - 6*v - 1. Let r(w) = -4*m(w) - 3*z(w). Determine r(-1).
-4
Suppose 7*z + 28 - 7 = 0. Let g(p) = 10*p + 4. Calculate g(z).
-26
Let h be 4/(128/136) - 1/4. Suppose h*t + 15 = t. Let x(z) = z**3 + 6*z**2 + z - 7. Determine x(t).
13
Let d be (-6 - 1)*12/(-14). Let r(v) be the second derivative of 0 + 1/12*v**4 - 2/3*v**3 - 5/2*v**2 - 8*v. Give r(d).
7
Let n(a) be the second derivative of a**4/12 - a**2 - 5*a - 7. What is n(-3)?
7
Let l(g) be the third derivative of -g**4/24 + 3*g**3 - g**2 + 5*g. Determine l(9).
9
Let k be 33/9 - 2/(-6). Suppose k*n - n = 12. Suppose 2*t - 2*o + o = -15, -n*o = 4*t + 12. Let v(m) = -m**2 - 4*m + 7. What is v(t)?
-5
Suppose 152 + 96 = 4*b. Let x = 66 - b. Let s(t) = -t**2 - 2*t + 4. What is s(x)?
-20
Let s = -86 + 83. Let f(w) = 2*w + 6. Calculate f(s).
0
Let o(k) = -2*k**2 + 7*k - k - 2*k**2 - 3*k**2 + 6*k**2. Give o(6).
0
Suppose 11*f + 32 = 19*f. Suppose 20 = -f*b, -4*l + 19 = -5*l - 5*b. Let a(w) = w**2 - 4*w - 2. What is a(l)?
10
Let p(v) = 2 - 6*v**2 - 6*v + 0 + 178*v**3 - 177*v**3. Calculate p(7).
9
Let j(r) = -r**2 - 7*r + 10. Let i be j(-6). Let d(z) = z - 12. Give d(i).
4
Let d(t) = t**2 + 6*t + 2. Let x be d(-6). Let i(q) = -52 - 5*q**3 + 2*q**x - q + 4*q**3 + 53. What is i(1)?
1
Let h(x) be the third derivative of 1/6*x**3 - 1/30*x**5 - 11/60*x**6 + 0 + 0*x**4 + 0*x - 22*x**2. Give h(-1).
21
Let w(u) = u**2 - u + 5. Let i(f) = 4*f**2 - 6*f + 15. Let j(o) = i(o) - 3*w(o). Determine j(3).
0
Let j(l) be the second derivative of l**4/4 + 4*l**3/3 - 7*l**2/2 - 680*l. Determine j(-4).
9
Let o(u) = -2*u**2 - 20*u + 5. Let d(c) = 3*c**2 + 39*c - 8. Let q(y) = -3*d(y) - 5*o(y). Determine q(17).
-1
Let z(p) = -p**2 - 7*p - 8. Let w be 3/5 + 252/(-20). Let c = w - -6. Determine z(c).
-2
Let d(h) = 5*h - 55. Let x be d(9). Let i(k) = k**3 + 11*k**2 + 7*k - 13. Calculate i(x).
17
Let g(q) = 2*q**2 + 6*q + 2. Let a(b) = -7*b - 137. Let v be a(-19). What is g(v)?
10
Let a = -10 - -14. Suppose -12*l + 10*l + a = 0. Let s(k) = -k + 1. Calculate s(l).
-1
Let n(h) = h**2 + 8. Suppose 5*v + l - 3 = 0, 4*l = 5*v - 0*v - 13. Let w be (-5 - -1) + (v - (2 - 5)). Give n(w).
8
Let g(h) = h + 6. Let j be (105/70)/(2*3/(-56)). Calculate g(j).
-8
Let y(m) = 2*m + 9. Let o be y(-9). Let l = o - 24. Let x = l + 28. Let d(q) = -q**2 - 4*q + 4. Determine d(x).
-1
Suppose 4*b - 4*l + 20 = 0, b + 17 = -6*l + 11*l. Let j(t) = 13*t**2 - 3*t - 3. Determine j(b).
55
Let c(p) = p**3 + 4*p**2 - 3 + 6*p + 4*p**2 - p. Let b be (-38)/8 + 43/(-172) - 2. Determine c(b).
11
Let c(w) be the second derivative of -w**7/840 - w**6/120 + w**5/40 + w**4/8 - w**3/6 - 19*w. Let n(l) be the second derivative of c(l). Calculate n(-2).
-7
Let r(k) = -k + 11. Suppose -2*x - 4*y - 20 = -x, 5 = -2*x - y. Suppose x = 3*j - 14 - 10. Give r(j).
3
Let z(f) = f**3 + f**2 - f + 17. Let q(c) = c**2 + 40*c + 144. Let b be q(-4). Determine z(b).
17
Suppose 2*q + 1 = -q + 4*d, -5*d = -4*q - 3. Let f(j) = -6*j**2 - 13*j - 4. Let t(z) = 7*z**2 + 14*z + 4. Let a(l) = -6*f(l) - 5*t(l). Calculate a(q).
-3
Let h(a) = -2*a - 5*a - 1 - 16*a**2 - 10*a + 19*a. Determine h(1).
-15
Let x = -29 + 108. Let s = x + -72. Let b(f) = -f**3 + 8*f**2 - 6*f - 1. Give b(s).
6
Let a(u) = -u**2 + 6*u - 3. Let l be a(6). Let k(z) be the second derivative of 1/12*z**4 + 1/3*z**3 + 0 - 3/2*z**2 + 2*z. Give k(l).
0
Suppose 5*n + 10 - 30 = 0. Suppose -a = -3*m - 4, 0 = -0*m + 5*m - 5*a + 20. Let h(t) = 17 + m*t - t**2 - 12 + t. What is h(n)?
-7
Let g = 5 + 0. Suppose 2*j - 4*j - 18 = -2*t, 0 = -t + g*j + 25. Let b(w) = 6*w - 2*w**3 + t + w**3 + 2*w**3 + 7*w**2. What is b(-6)?
5
Let a(m) = 57*m - 359. Let x be a(6). Let b(w) = -w**3 - 16*w**2 + 17*w - 1. Determine b(x).
-1
Suppose 0*i + 5*s - 7 = -i, -6 = -4*i + 2*s. Let k be i - (0 + 8/(-2))*1. Let m(q) = -q**3 + 7*q**2 - q - 8. Determine m(k).
22
Let y(h) = -116 + 29 + 32 - 2*h + 40. Calculate y(-5).
-5
Let b(t) = t**2 - 13*t - 19. Let z be (9/18*2)/((-2)/(-26)). Determine b(z).
-19
Let l(o) be the second derivative of o**7/2520 + o**6/720 - o**5/40 + o**4 + 21*o. Let r(p) be the third derivative of l(p). Calculate r(-5).
17
Suppose 0 = 2*v + 14. Let h(d) = -14*d + d**2 + 6 - 4*d + 26*d. Determine h(v).
-1
Let b(y) be the first derivative of -13*y + 1/2*y**2 + 10. Give b(7).
-6
Let y be ((-24)/20)/((-2)/5). Let h(p) = -8*p + 8*p - 2 + 1 + 2*p**y. What is h(-1)?
-3
Let x(n) = 4*n**2 + n. Let d be x(-1). Let t(l) be the third derivative of -l**5/60 + l**4/24 + l**3/6 + 1012*l**2. What is t(d)?
-5
Let a(v) = v**2 + 3*v - 2. Let n be a(-4). Suppose -4*j = -5*y + 5, 0*y - 2 = 4*y - n*j. Let b(h) = h**3 + 2*h**2 + h + 4. Determine b(y).
-8
Let s(y) = -y**3 - 5*y**2 + 3*y - 18. Let b be s(-6). Let x(i) = i - 3. Determine x(b).
-3
Let g be (-20)/(-6)*(-9)/(-6). Let y(o) = 7*o**2 - g*o**2 - 4*o**2 + 4*o**2. Calculate y(3).
18
Let o(h) = -h**2 - 7*h + 1. Let l be o(-6). Let c be l*4/(-8)*-2. Let x be (-2)/c - (-78)/(-21). Let p(j) = -j**2 - 2*j - 1. What is p(x)?
-9
Let p(v) = -8*v + 2 - 3*v**3 + 2*v**3 - 12 + 10*v**2 + v. Let y(z) = -z**2 - 10*z - 15. Let h be y(-4). Calculate p(h).
8
Let u(y) = -y**2 - y - 1. Let o(l) = -6*l**2 - 7. Let z(b) = o(b) - 4*u(b). Let i be z(2). Let r(c) = c**3 + 3*c**2 - 4*c - 4. Determine r(i).
8
Let x = -12 - -17. Suppose -3*d = -x - 4. Suppose -5*l = -d*l - 4. Let q(k) = 4*k + 2. Determine q(l).
10
Let z(g) = g + 6. Let k = 10 - 16. Let q be 39*(8/k - -1). Let o = q - -7. Calculate z(o).
0
Let q(p) = -6*p + 32. Let f(i) = -i + 3. Let a(o) = -8*f(o) + q(o). Determine a(-5).
-2
Let f(x) = 6*x**2 - 1. Let o be f(1). Suppose -o*v - 2*h = -h - 223, -5*h + 15 = 0. Let m(j) = -6*j + 2*j**2 + 44 - v. Give m(4).
8
Let o(b) = b**2 + 8*b - 5. Let j(i) = 2*i**2 + 17*i - 11. Let r(y) = 4*j(y) - 9*o(y). Let d be -2*(2 + -1)/(2/3). Determine r(d).
4
Suppose -3*b - 3*t = -21, -2*t + 8 = -b - 0*t. Suppose 0 = 2*p + b - 10. Let n(s) = s**2 - 5*s. Determine n(p).
-4
Let i(o) be the second derivative of -o**4/12 - o**3/2 - 2*o**2 - 3113*o - 1. Let t = 3 + 0. Suppose -3*s - v - 10 = 0, 2 = v + t. What is i(s)?
-4
Suppose d + 0*d = 3. Let z(a) be the second derivative of 1/6*a**3 + 1/12*a**4 + 0 + 2*a**2 - 21*a. Determine z(d).
16
Let c(f) = 149*f**2 - 4*f + f + 2 + 149*f**2 - 299*f**2. Determine c(-2).
4
Suppose 15*y = 8*y + 56. Let d(k) = k + 2. What is d(y)?
10
Suppose 3*f + 0*f - 4*v - 21 = 0, 0 = 5*v + 15. Let s = 5 - f. Let u(k) = 5 + 0*k + k**s + 2*k + k**3 - k. Give u(0).
5
Let f(w) = w + 3. Let h be 1 + -4 + (-1)/(2/68). Let o = 29 + h. What is f(o)?
-5
Let i(k) = k**2 + k + 1. Suppose 4*h - 4*q = -87 + 3, -4*h + 2*q = 74. Suppose 0 = 3*n - 3*d + 39, 5*n + 9*d = 5*d - 92. Let m